{"id":11,"date":"2021-05-13T05:31:27","date_gmt":"2021-05-13T05:31:27","guid":{"rendered":"http:\/\/grupotorden.com\/?page_id=11"},"modified":"2026-01-21T15:25:13","modified_gmt":"2026-01-21T15:25:13","slug":"about","status":"publish","type":"page","link":"https:\/\/grupotorden.com\/?page_id=11","title":{"rendered":"Acerca de"},"content":{"rendered":"\n<div class=\"wp-block-cover alignfull\" style=\"min-height:366px;aspect-ratio:unset;\"><span aria-hidden=\"true\" class=\"wp-block-cover__background has-ast-global-color-0-background-color has-background-dim-100 has-background-dim\"><\/span><div class=\"wp-block-cover__inner-container is-layout-flow wp-block-cover-is-layout-flow\">\n<p><\/p>\n\n\n\n<h1 class=\"wp-block-heading has-white-color has-text-color\" id=\"acerca-de-nosotros\">Acerca de nosotros<\/h1>\n\n\n\n<p><mark style=\"background-color:rgba(0, 0, 0, 0)\" class=\"has-inline-color has-ast-global-color-4-color\">Somos un equipo de profesionales enfocados en brindar productos de alta calidad en el campo de la soldadura.<\/mark><\/p>\n<\/div><\/div>\n\n\n\n<div class=\"wp-block-group alignfull is-layout-flow wp-block-group-is-layout-flow\"><div class=\"wp-block-group__inner-container\">\n<div class=\"wp-block-media-text alignwide is-stacked-on-mobile has-ast-global-color-0-background-color has-background\"><figure class=\"wp-block-media-text__media\"><img loading=\"lazy\" decoding=\"async\" width=\"1024\" height=\"684\" src=\"http:\/\/grupotorden.com\/wp-content\/uploads\/2021\/09\/IMG_0399-1.jpg\" alt=\"\" class=\"wp-image-292 size-full\" srcset=\"https:\/\/grupotorden.com\/wp-content\/uploads\/2021\/09\/IMG_0399-1.jpg 1024w, https:\/\/grupotorden.com\/wp-content\/uploads\/2021\/09\/IMG_0399-1-300x200.jpg 300w, https:\/\/grupotorden.com\/wp-content\/uploads\/2021\/09\/IMG_0399-1-768x513.jpg 768w\" sizes=\"auto, (max-width: 1024px) 100vw, 1024px\" \/><\/figure><div class=\"wp-block-media-text__content\">\n<h2 class=\"wp-block-heading has-white-color has-text-color\" id=\"resolvemos-sus-necesidades-con-gran-eficiencia\">Resolvemos sus necesidades con gran eficiencia<\/h2>\n\n\n\n<p class=\"has-text-color\" style=\"color:#ffffff\">Nuestro soporte t\u00e9cnico y comercial est\u00e1n a su servicio.<\/p>\n<\/div><\/div>\n<\/div><\/div>\n\n\n\n<div class=\"wp-block-columns is-layout-flex wp-container-core-columns-is-layout-9d6595d7 wp-block-columns-is-layout-flex\">\n<div class=\"wp-block-column is-layout-flow wp-block-column-is-layout-flow\" style=\"flex-basis:66.66%\">\n<h3 class=\"wp-block-heading has-medium-font-size\" id=\"nuestra-mision\">Nuestra Misi\u00f3n<\/h3>\n\n\n\n<p>Ofrecemos soldaduras de alta calidad para la uni\u00f3n y corte de materiales pensadas en la satisfacci\u00f3n de las necesidades diarias, generando rentabilidad en los clientes, proveedores, distribuidores y accionistas.<\/p>\n\n\n\n<p class=\"has-medium-font-size\"><strong>Nuestra Visi\u00f3n<\/strong><\/p>\n\n\n\n<p>Ser reconocidos a nivel nacional como la mejor marca de soldadura, con los m\u00e1s altos est\u00e1ndares de calidad y de soldeo en electrodos revestidos.<\/p>\n<\/div>\n\n\n\n<div class=\"wp-block-column is-vertically-aligned-center is-layout-flow wp-block-column-is-layout-flow\" style=\"flex-basis:50%\">\n<h3 class=\"wp-block-heading\" id=\"nuestros-valores\">Nuestros Valores<\/h3>\n\n\n\n<ul class=\"wp-block-list\">\n<li><strong>Innovaci\u00f3n: <\/strong>comprometidos con nuevas ideas para satisfacer las necesidades de los clientes.<\/li>\n\n\n\n<li><strong>Responsabilidad:<\/strong> Somos responsables por nuestro negocio y nuestro futuro.<\/li>\n\n\n\n<li><strong>Pasi\u00f3n:<\/strong> Trabajamos unidos para ganar con integridad, honestidad y seguridad.<\/li>\n\n\n\n<li><strong>Simplicidad:<\/strong> mantener las cosas simples y eficientes siempre.<\/li>\n<\/ul>\n<\/div>\n<\/div>\n\n\n\n<div class=\"wp-block-group is-layout-flow wp-block-group-is-layout-flow\"><div class=\"wp-block-group__inner-container\">\n<div class=\"wp-block-media-text has-media-on-the-right is-stacked-on-mobile is-vertically-aligned-center has-ast-global-color-0-background-color has-background\" style=\"grid-template-columns:auto 32%\"><div class=\"wp-block-media-text__content\">\n<h2 class=\"wp-block-heading has-text-align-left has-white-color has-text-color\" id=\"por-que-escogernos\">\u00bfPor qu\u00e9 escogernos?<\/h2>\n\n\n\n<p class=\"has-text-align-left has-white-color has-text-color\">Somos su mejor opci\u00f3n!<\/p>\n\n\n\n<ul class=\"wp-block-list\">\n<li><mark style=\"background-color:rgba(0, 0, 0, 0)\" class=\"has-inline-color has-ast-global-color-4-color\">Personal calificado<\/mark>.<\/li>\n\n\n\n<li><mark style=\"background-color:rgba(0, 0, 0, 0)\" class=\"has-inline-color has-ast-global-color-4-color\">Producto de excelente calidad<\/mark>.<\/li>\n\n\n\n<li><mark style=\"background-color:rgba(0, 0, 0, 0)\" class=\"has-inline-color has-ast-global-color-4-color\">Satisfacci\u00f3n garantizada<\/mark>.<\/li>\n\n\n\n<li><mark style=\"background-color:rgba(0, 0, 0, 0)\" class=\"has-inline-color has-ast-global-color-4-color\">llegamos a donde el cliente nos requiera<\/mark>.<\/li>\n\n\n\n<li><mark style=\"background-color:rgba(0, 0, 0, 0)\" class=\"has-inline-color has-ast-global-color-4-color\">atenci\u00f3n permanente<\/mark>.<\/li>\n<\/ul>\n<\/div><figure class=\"wp-block-media-text__media\"><img loading=\"lazy\" decoding=\"async\" width=\"667\" height=\"799\" src=\"https:\/\/grupotorden.com\/wp-content\/uploads\/2022\/01\/Planta-5a.jpg\" alt=\"\" class=\"wp-image-373 size-full\" srcset=\"https:\/\/grupotorden.com\/wp-content\/uploads\/2022\/01\/Planta-5a.jpg 667w, https:\/\/grupotorden.com\/wp-content\/uploads\/2022\/01\/Planta-5a-250x300.jpg 250w\" sizes=\"auto, (max-width: 667px) 100vw, 667px\" \/><\/figure><\/div>\n<\/div><\/div>\n\n\n\n<div class=\"wp-block-group alignfull is-layout-flow wp-block-group-is-layout-flow\"><div class=\"wp-block-group__inner-container\">\n<h2 class=\"wp-block-heading has-text-align-center\" id=\"estamos-donde-el-cliente-nos-requiera\">Estamos donde el cliente nos requiera.<\/h2>\n\n\n\n<div class=\"wp-block-columns alignwide is-layout-flex wp-container-core-columns-is-layout-9d6595d7 wp-block-columns-is-layout-flex\">\n<div class=\"wp-block-column is-layout-flow wp-block-column-is-layout-flow\">\n<p class=\"has-text-align-center\"><\/p>\n\n\n\n<figure class=\"wp-block-image aligncenter size-large is-style-default\"><img loading=\"lazy\" decoding=\"async\" width=\"576\" height=\"1024\" src=\"https:\/\/grupotorden.com\/wp-content\/uploads\/2022\/01\/Producto-Terminado-1a-576x1024.jpg\" alt=\"\" class=\"wp-image-375\" srcset=\"https:\/\/grupotorden.com\/wp-content\/uploads\/2022\/01\/Producto-Terminado-1a-576x1024.jpg 576w, https:\/\/grupotorden.com\/wp-content\/uploads\/2022\/01\/Producto-Terminado-1a-169x300.jpg 169w, https:\/\/grupotorden.com\/wp-content\/uploads\/2022\/01\/Producto-Terminado-1a-768x1365.jpg 768w, https:\/\/grupotorden.com\/wp-content\/uploads\/2022\/01\/Producto-Terminado-1a-864x1536.jpg 864w, https:\/\/grupotorden.com\/wp-content\/uploads\/2022\/01\/Producto-Terminado-1a.jpg 900w\" sizes=\"auto, (max-width: 576px) 100vw, 576px\" \/><\/figure>\n\n\n\n<p class=\"has-text-align-center\"><\/p>\n<\/div>\n\n\n\n<div class=\"wp-block-column is-layout-flow wp-block-column-is-layout-flow\">\n<p class=\"has-text-align-center\"><\/p>\n\n\n\n<figure class=\"wp-block-image aligncenter size-large is-style-default\"><img loading=\"lazy\" decoding=\"async\" width=\"1024\" height=\"576\" src=\"https:\/\/grupotorden.com\/wp-content\/uploads\/2022\/01\/Producto-Terminado-2a-1024x576.jpg\" alt=\"\" class=\"wp-image-376\" srcset=\"https:\/\/grupotorden.com\/wp-content\/uploads\/2022\/01\/Producto-Terminado-2a-1024x576.jpg 1024w, https:\/\/grupotorden.com\/wp-content\/uploads\/2022\/01\/Producto-Terminado-2a-300x169.jpg 300w, https:\/\/grupotorden.com\/wp-content\/uploads\/2022\/01\/Producto-Terminado-2a-768x432.jpg 768w, https:\/\/grupotorden.com\/wp-content\/uploads\/2022\/01\/Producto-Terminado-2a-1536x864.jpg 1536w, https:\/\/grupotorden.com\/wp-content\/uploads\/2022\/01\/Producto-Terminado-2a.jpg 1600w\" sizes=\"auto, (max-width: 1024px) 100vw, 1024px\" \/><\/figure>\n\n\n\n<p class=\"has-text-align-center\"><\/p>\n<\/div>\n\n\n\n<div class=\"wp-block-column is-layout-flow wp-block-column-is-layout-flow\">\n<p class=\"has-text-align-center\"><\/p>\n\n\n\n<figure class=\"wp-block-image aligncenter size-large is-style-default\"><img loading=\"lazy\" decoding=\"async\" width=\"576\" height=\"1024\" src=\"https:\/\/grupotorden.com\/wp-content\/uploads\/2022\/01\/Soldador-1a-576x1024.jpg\" alt=\"\" class=\"wp-image-377\" srcset=\"https:\/\/grupotorden.com\/wp-content\/uploads\/2022\/01\/Soldador-1a-576x1024.jpg 576w, https:\/\/grupotorden.com\/wp-content\/uploads\/2022\/01\/Soldador-1a-169x300.jpg 169w, https:\/\/grupotorden.com\/wp-content\/uploads\/2022\/01\/Soldador-1a-768x1365.jpg 768w, https:\/\/grupotorden.com\/wp-content\/uploads\/2022\/01\/Soldador-1a-864x1536.jpg 864w, https:\/\/grupotorden.com\/wp-content\/uploads\/2022\/01\/Soldador-1a.jpg 900w\" sizes=\"auto, (max-width: 576px) 100vw, 576px\" \/><\/figure>\n\n\n\n<p class=\"has-text-align-center\"><\/p>\n<\/div>\n<\/div>\n\n\n\n<div class=\"wp-block-columns alignwide is-layout-flex wp-container-core-columns-is-layout-9d6595d7 wp-block-columns-is-layout-flex\">\n<div class=\"wp-block-column is-layout-flow wp-block-column-is-layout-flow\">\n<p class=\"has-text-align-center\"><\/p>\n\n\n\n<figure class=\"wp-block-image aligncenter size-full is-style-default\"><img loading=\"lazy\" decoding=\"async\" width=\"275\" height=\"183\" src=\"http:\/\/grupotorden.com\/wp-content\/uploads\/2021\/10\/Soldadura-estructura-2.jpg\" alt=\"\" class=\"wp-image-312\"\/><\/figure>\n\n\n\n<p class=\"has-text-align-center\"><\/p>\n<\/div>\n\n\n\n<div class=\"wp-block-column is-layout-flow wp-block-column-is-layout-flow\">\n<p class=\"has-text-align-center\"><\/p>\n\n\n\n<figure class=\"wp-block-image aligncenter size-full is-style-default\"><img loading=\"lazy\" decoding=\"async\" width=\"225\" height=\"225\" src=\"http:\/\/grupotorden.com\/wp-content\/uploads\/2021\/10\/Soldadura-estructura-4.jpg\" alt=\"\" class=\"wp-image-313\" srcset=\"https:\/\/grupotorden.com\/wp-content\/uploads\/2021\/10\/Soldadura-estructura-4.jpg 225w, https:\/\/grupotorden.com\/wp-content\/uploads\/2021\/10\/Soldadura-estructura-4-150x150.jpg 150w\" sizes=\"auto, (max-width: 225px) 100vw, 225px\" \/><\/figure>\n\n\n\n<p class=\"has-text-align-center\"><\/p>\n<\/div>\n\n\n\n<div class=\"wp-block-column is-layout-flow wp-block-column-is-layout-flow\">\n<p class=\"has-text-align-center\"><\/p>\n\n\n\n<figure class=\"wp-block-image aligncenter size-full is-resized is-style-default\"><img loading=\"lazy\" decoding=\"async\" width=\"415\" height=\"340\" src=\"http:\/\/grupotorden.com\/wp-content\/uploads\/2021\/10\/Soldadura-estructura.jpg\" alt=\"\" class=\"wp-image-314\" style=\"width:312px;height:255px\" srcset=\"https:\/\/grupotorden.com\/wp-content\/uploads\/2021\/10\/Soldadura-estructura.jpg 415w, https:\/\/grupotorden.com\/wp-content\/uploads\/2021\/10\/Soldadura-estructura-300x246.jpg 300w\" sizes=\"auto, (max-width: 415px) 100vw, 415px\" \/><\/figure>\n\n\n\n<p class=\"has-text-align-center\"><\/p>\n<\/div>\n<\/div>\n<\/div><\/div>\n\n\n\n<div class=\"wp-block-cover alignfull\" style=\"min-height:200px;aspect-ratio:unset;\"><span aria-hidden=\"true\" class=\"wp-block-cover__background has-ast-global-color-0-background-color has-background-dim-100 has-background-dim\"><\/span><div class=\"wp-block-cover__inner-container is-layout-flow wp-block-cover-is-layout-flow\">\n<div class=\"wp-block-media-text is-stacked-on-mobile is-vertically-aligned-center\" style=\"grid-template-columns:25% auto\"><figure class=\"wp-block-media-text__media\"><img loading=\"lazy\" decoding=\"async\" width=\"246\" height=\"205\" src=\"http:\/\/grupotorden.com\/wp-content\/uploads\/2021\/10\/Soldadura-estructura-5.jpg\" alt=\"\" class=\"wp-image-315 size-full\"\/><\/figure><div class=\"wp-block-media-text__content\">\n<div class=\"wp-block-group is-layout-flow wp-block-group-is-layout-flow\"><div class=\"wp-block-group__inner-container\">\n<h2 class=\"wp-block-heading has-text-align-center has-white-color has-text-color\" id=\"estamos-con-usted-llamenos\">Estamos con usted! ll\u00e1menos!<\/h2>\n\n\n\n<div class=\"wp-block-buttons is-horizontal is-content-justification-center is-layout-flex wp-container-core-buttons-is-layout-499968f5 wp-block-buttons-is-layout-flex\">\n<div class=\"wp-block-button\"><a class=\"wp-block-button__link has-text-color has-background wp-element-button\" href=\"#\" style=\"color:#0f57fb;background-color:#ffffff\">+51 923 931 696<\/a><\/div>\n\n\n\n<div class=\"wp-block-button\"><a class=\"wp-block-button__link has-text-color has-background wp-element-button\" href=\"#\" style=\"color:#0f57fb;background-color:#ffffff\">+51 986 687 044<\/a><\/div>\n<\/div>\n<\/div><\/div>\n<\/div><\/div>\n<\/div><\/div>\n\n\n\n<p><\/p>\n","protected":false},"excerpt":{"rendered":"<p>Resolvemos sus necesidades con gran eficiencia Nuestro soporte t\u00e9cnico y comercial est\u00e1n a su servicio. Nuestra Misi\u00f3n Ofrecemos soldaduras de alta calidad para la uni\u00f3n y corte de materiales pensadas en la satisfacci\u00f3n de las necesidades diarias, generando rentabilidad en los clientes, proveedores, distribuidores y accionistas. Nuestra Visi\u00f3n Ser reconocidos a nivel nacional como la &hellip;<\/p>\n<p class=\"read-more\"> <a class=\"\" href=\"https:\/\/grupotorden.com\/?page_id=11\"> <span class=\"screen-reader-text\">Acerca de<\/span> Read More &raquo;<\/a><\/p>\n","protected":false},"author":1,"featured_media":0,"parent":0,"menu_order":0,"comment_status":"closed","ping_status":"closed","template":"","meta":{"om_disable_all_campaigns":false,"_monsterinsights_skip_tracking":false,"_monsterinsights_sitenote_active":false,"_monsterinsights_sitenote_note":"","_monsterinsights_sitenote_category":0,"footnotes":""},"class_list":["post-11","page","type-page","status-publish","hentry"],"_links":{"self":[{"href":"https:\/\/grupotorden.com\/index.php?rest_route=\/wp\/v2\/pages\/11","targetHints":{"allow":["GET"]}}],"collection":[{"href":"https:\/\/grupotorden.com\/index.php?rest_route=\/wp\/v2\/pages"}],"about":[{"href":"https:\/\/grupotorden.com\/index.php?rest_route=\/wp\/v2\/types\/page"}],"author":[{"embeddable":true,"href":"https:\/\/grupotorden.com\/index.php?rest_route=\/wp\/v2\/users\/1"}],"replies":[{"embeddable":true,"href":"https:\/\/grupotorden.com\/index.php?rest_route=%2Fwp%2Fv2%2Fcomments&post=11"}],"version-history":[{"count":24,"href":"https:\/\/grupotorden.com\/index.php?rest_route=\/wp\/v2\/pages\/11\/revisions"}],"predecessor-version":[{"id":524,"href":"https:\/\/grupotorden.com\/index.php?rest_route=\/wp\/v2\/pages\/11\/revisions\/524"}],"wp:attachment":[{"href":"https:\/\/grupotorden.com\/index.php?rest_route=%2Fwp%2Fv2%2Fmedia&parent=11"}],"curies":[{"name":"wp","href":"https:\/\/api.w.org\/{rel}","templated":true}]}}